ber?
False
Let s(p) = -8567*p - 6803. Is s(-32) prime?
True
Let u be (-11 - -3)*(1 + 1/(-2)). Is (-2 - 14/u)*(3043 + 3) a prime number?
False
Suppose -u - 3*t + 2440 + 4378 = 0, t = -u + 6820. Is u composite?
True
Is 128543 - 0*(-3)/30 prime?
False
Let g = -3001 + 2997. Let u(z) = 209*z + 2. Let k be u(-3). Is k/g + (-54)/(-72) prime?
True
Let r = -39735 - -210773. Suppose 76*n = 38*n + r. Is n a prime number?
False
Suppose 8*o = 57 + 7. Suppose -1026 = o*l - 4618. Is l a prime number?
True
Suppose -4*k + 4*w = -3568, -2*w = -8*k + 10*k - 1784. Let c(o) = 173*o - 11. Let y be c(8). Let q = y - k. Is q composite?
True
Let w = -38283 - -712312. Is w a composite number?
True
Suppose -2*w + 80943 = 3*c - 276310, 3*c = w + 357247. Is c composite?
False
Suppose -4*t - 4*b + 28024 = 0, -1179 - 5797 = -t + 5*b. Is t a prime number?
True
Let f(y) = 12*y**2 - 50*y + 8. Let x be f(12). Is (1169/28)/(4/x) prime?
False
Let x(y) = -1936*y**3 + y**2 - 2*y - 2. Let f be x(-1). Let d = f - -2040. Suppose 8*q - d = 9391. Is q composite?
True
Is 15032176*(14 - (-1326)/(-96)) prime?
False
Let v(o) be the third derivative of -61*o**7/5040 + o**6/180 - 13*o**5/60 - 4*o**2. Let z(m) be the third derivative of v(m). Is z(-3) a prime number?
False
Suppose 3*o + 21238 = -r, -2*r + 14899 + 6354 = -3*o. Is (o/3 - 40/24)/(-2) a composite number?
False
Let c be (-22)/(-8) - 3/4. Suppose 3*l - 1201 = c*l. Suppose 0 = 5*b - 854 - l. Is b prime?
False
Let r(p) = 9*p**3 + p**2 - 5*p + 11. Let v = 247 + -243. Is r(v) a prime number?
False
Suppose 5*r + 674*i - 671*i - 255745 = 0, 0 = -4*r + i + 204596. Is r a prime number?
False
Let g(a) = 6023*a**3 - 18*a**2 + 75*a + 7. Is g(3) a composite number?
False
Let q(b) = -b**3 - 2*b**2 + 23*b - 4. Let c be q(-6). Is 497 + (13 + -13)/(c + -1) a composite number?
True
Let u(t) = t**3 - 31*t**2 + 32*t - 52. Let v be u(30). Suppose 2*z = -v, 0 = -6*g + 7*g + 3*z - 7777. Is g a prime number?
True
Suppose -4*q = 133 - 5. Let w(h) = 6*h - 31. Let s be w(6). Is s*(q/(-20) + -1) + 1168 prime?
True
Let h = 210772 - 69635. Is h a prime number?
False
Let l(i) = -2*i**2 - i + 1. Let c be l(4). Is 7/c*5 + 1164 a prime number?
True
Let o = 1288029 + 260084. Is o composite?
True
Suppose -30 = -8*a + 3*a. Suppose 6*v + a = -0. Is 3418 + -6 + 4 + v composite?
True
Suppose -5*y + 3*r + 623 = 3820, 0 = -4*y - 4*r - 2564. Let b = y + 4000. Suppose 4*i - 1052 = b. Is i a prime number?
True
Let x(a) = 112*a + 10. Let c(s) = 1. Let b(q) = 5*c(q) - x(q). Suppose 33*v + 26 + 40 = 0. Is b(v) composite?
True
Let h be (4/(-10))/(22/660). Is ((-2)/2)/((48/100396)/h) a prime number?
False
Let y = -1794 + 1228. Let c = 1425 + y. Is c prime?
True
Let z = -837 - -21358. Is z a prime number?
True
Let i(n) = -73*n - 40. Let l(s) = -s**3 - s**2 - 2*s - 3. Let t be l(-2). Let u(r) = -37*r - 20. Let f(q) = t*u(q) - 2*i(q). Is f(-7) prime?
False
Suppose -5*u = 5*d - 1046935, 20*d - 209381 = -u + 18*d. Is u a prime number?
True
Suppose k - 3*k + 6 = 0. Suppose -q - k*u - 140 - 34 = 0, -q - 2*u = 176. Let r = -31 - q. Is r a prime number?
True
Is (22/8)/((7 + -32)/(-173300)) a composite number?
True
Let m(k) = k**2 + 4*k - 9. Let w be m(-6). Let v = 3146 + -1880. Suppose -w*p - p = 3*j - 1906, -2*j + v = -2*p. Is j a prime number?
False
Let s(w) = 872*w + 12. Let i(h) = -872*h - 11. Let x(q) = -3*i(q) - 2*s(q). Let g be x(-1). Let b = 610 - g. Is b prime?
False
Let c(m) = 1227*m**2 + 35*m + 155. Is c(24) composite?
False
Suppose 27*y - 23 = 4*y. Let u(p) = 6114*p**2 + 7*p - 8. Is u(y) a composite number?
False
Let p = -6 - 0. Let c be (p/8 - (-77)/28) + -415. Let i = c - -730. Is i prime?
True
Let w = 552 - -150. Suppose -20*i + w = -18*i. Let j = 510 - i. Is j a composite number?
True
Suppose -w = -49 + 41. Is (w/12)/(3/27549) prime?
False
Suppose 0 = -2954*v + 2967*v - 119977. Is v prime?
False
Let i = 1420876 - 950097. Is i prime?
True
Suppose -7*a = 8823 - 1508. Let w = 1119 - a. Suppose -7*h = -3*h - w. Is h composite?
False
Let i(t) = 7*t**3 - 5*t**2 + 8*t - 5. Let v(z) = -2*z - 42. Let m be v(-23). Is i(m) a prime number?
False
Suppose 48 - 36 = 3*g. Suppose 0 = -g*d - 52 + 40. Let z(k) = 79*k**2 - 8*k - 2. Is z(d) prime?
True
Suppose -q - 4*i = 1160, 4*i - 7*i = -2*q - 2309. Let a = q + 1925. Is a prime?
True
Suppose 12 = 4*f - 4, 5*o - 2*f = 17. Suppose -4*s = 3*y - 4715, 0 = 6*s - o*s - 2. Suppose -7*c + y = -4*c. Is c composite?
False
Let k(b) = -b**3 - 4*b**2 - 4*b. Let q be k(-3). Suppose -q*z + 123 = -444. Let y = z - 71. Is y a composite number?
True
Suppose -5*d - 2 = g, 4 = -g + 3*d + 10. Suppose -2*x - 2*x + 2447 = 5*l, 0 = -g*x + 9. Is l a composite number?
False
Suppose 2*s + 214 = 952. Suppose 555 = 22*k - s. Is (16108/3)/4 - (-28)/k a prime number?
False
Let n be -4 + 2884/3 - 12/(-18). Suppose -j = -3*j + n. Is j a prime number?
True
Let w(v) = 35*v**2 - 76*v - 1200. Is w(-29) prime?
False
Is (-3)/((6/(-15019210))/(118/590)) a composite number?
False
Let w(h) = 3 - 2*h**2 + 11*h + 0*h**2 - 3 - 11 + 10*h**2. Let n(j) = 12*j. Let d be n(-1). Is w(d) a composite number?
False
Is ((4 + 2)/(-12))/((-4)/5652056) prime?
True
Suppose s - 4*o = -0*s + 13, -3*o - 3 = -3*s. Is (5 + s)/(5590/1397 - 4) composite?
True
Let n = 2448 - -12953. Is n prime?
True
Suppose -4*g + 3*o + 136175 = 0, 0 = 4*g + 13*o - 8*o - 136167. Is g prime?
False
Let w = -531 + 989. Let t = w - 111. Is t composite?
False
Suppose 0*v + 2113221 = 4*r + 5*v, 3*r - 1584917 = -4*v. Is r prime?
True
Suppose -4*p - 13837623 = 8*p - 53*p. Is p a composite number?
True
Suppose 1424091 = 30*j + 39*j. Is j composite?
False
Let t be (15/12)/(1/(-20)). Let z be 20/2*(-15)/t. Suppose p - z*p = -335. Is p a prime number?
True
Suppose 11*h - 9 = 13. Suppose 2*o = 0, -21740 = -2*v - h*v + o. Is v/10*-6*2/(-6) a prime number?
True
Let q = -194981 + 406840. Is q a composite number?
False
Let z(r) = 3*r**2 - 11*r + 1. Let c be z(4). Suppose -12409 + 1542 = -c*n + 4*h, -n = h - 2168. Is n prime?
False
Suppose -7*x = -229 - 65. Let o = -38 + x. Suppose -a = -w - 4539, -o*w + 2166 = 3*a - 11423. Is a a prime number?
False
Let p(y) = 40*y**2 + 7*y + 9. Let h be p(-8). Let m(q) = -q**3 + 20*q**2 + 14*q - 55. Let i be m(19). Suppose -i = o - h. Is o a prime number?
False
Suppose -16*p = 21*p. Is -3*(p - (-22930)/(-30)) a composite number?
False
Suppose -151210 = -3*k + 4*g + 24373, 4*k = -g + 234155. Is k prime?
True
Let u = -32860 - -66869. Is u prime?
False
Suppose -5*j - 4*v + 293 + 46 = 0, -j + 71 = 4*v. Suppose -j = -3*h + 4*n - 5*n, -2*h - n + 46 = 0. Is h prime?
False
Let k(m) = 3*m**2 + 5*m - 207. Let w be k(-19). Let j = w + -546. Is j a composite number?
True
Let v(i) = 2*i**2 - 3*i + 2. Let b be v(2). Suppose 3*u = 3*d + 6, -u = -6*u - 3*d - 14. Is (b/((-16)/1082))/(u/10) a composite number?
True
Let b be ((-60)/(-75))/(2/(-15365)). Is 2*(b/(-4) + (-9)/(-3)) a prime number?
True
Suppose 2*p = -5*r - 21, p - 12*r = -11*r. Is 1 + (5642 - 7) - p a prime number?
True
Let x(m) = -2*m**3 - 12*m**2 - 26*m - 19. Suppose 0 = -19*q + 29 - 200. Is x(q) a composite number?
False
Let x(k) = 357*k**2 + 4*k - 6. Let c be x(2). Suppose 4*v = -g + 691, -7*g + c = -5*g - 4*v. Is g composite?
True
Let l = 99039 + -8776. Is l composite?
False
Let p(x) = 4*x - 7. Let z(w) = -6 - 475*w + 479*w + 3*w**2 - 2*w**2. Let c(j) = -5*p(j) + 4*z(j). Is c(-9) prime?
False
Suppose -9*g + 1178458 + 380087 = 288312. Is g a prime number?
False
Let n(z) = 8 + 39*z**2 - 2*z - 4*z + 6 - 4. Is n(11) prime?
True
Is (1 - 262/(-6))/(22/72303*7) composite?
True
Let j(g) = g**2. Let a be j(0). Suppose 4*c = 5*y + 1141, 2*c - 3*y - 572 = y. Suppose a = 13*v - 9*v - c. Is v prime?
True
Let d(h) = -69923*h + 69. Is d(-4) a prime number?
True
Let i(h) = h**2 - 13*h + 14. Let k be i(11). Let y(f) = -9*f + 59. Let t(l) = 27*l - 176. Let v(o) = -4*t(o) - 11*y(o). Is v(k) composite?
False
Let v = 562627 + -321734. Is v prime?
True
Let i = 43 - 39. Suppose i*h - 7 = -31. Is -1346*((-21)/h + -4) a prime number?
True
Let d(k) = 4501*k**2 - 14*k - 4. Is d(5) composite?
True
Suppose 5*k - 370563 = -2*i - 28585, 0 = 3*i - 5*k - 513017. Is i composite?
True
Let k be 3/(-27) + (2 + -1)/9. Is k - (-5 - -2) - -32 a prime number?
False
Let y(i) = -i**3 + 3*i**2 +